lculate the remainder when 279640 is divided by 207.
190
Calculate the remainder when 497 is divided by 105.
77
What is the remainder when 963 is divided by 337?
289
Calculate the remainder when 709623 is divided by 11.
2
Calculate the remainder when 8646 is divided by 720.
6
What is the remainder when 21566 is divided by 2633?
502
Calculate the remainder when 8907 is divided by 8891.
16
What is the remainder when 16829997 is divided by 16?
13
Calculate the remainder when 577 is divided by 272.
33
What is the remainder when 18962 is divided by 33?
20
What is the remainder when 6782 is divided by 19?
18
Calculate the remainder when 849 is divided by 43.
32
What is the remainder when 14548 is divided by 1447?
78
What is the remainder when 27326 is divided by 4552?
14
What is the remainder when 580669 is divided by 91?
89
Calculate the remainder when 8812 is divided by 327.
310
Calculate the remainder when 22734 is divided by 1523.
1412
What is the remainder when 2978 is divided by 61?
50
What is the remainder when 1567 is divided by 312?
7
Calculate the remainder when 160163 is divided by 562.
555
What is the remainder when 14675 is divided by 78?
11
Calculate the remainder when 370144 is divided by 318.
310
What is the remainder when 127113 is divided by 33?
30
What is the remainder when 6120 is divided by 244?
20
Calculate the remainder when 19122 is divided by 336.
306
What is the remainder when 3735 is divided by 1859?
17
Calculate the remainder when 25200 is divided by 8383.
51
Calculate the remainder when 6533 is divided by 647.
63
What is the remainder when 75168 is divided by 655?
498
What is the remainder when 155367 is divided by 2547?
0
Calculate the remainder when 13797 is divided by 96.
69
Calculate the remainder when 5359 is divided by 2588.
183
What is the remainder when 6890 is divided by 6883?
7
What is the remainder when 2563 is divided by 12?
7
Calculate the remainder when 166483 is divided by 10404.
19
What is the remainder when 952992 is divided by 53?
52
Calculate the remainder when 4823 is divided by 242.
225
What is the remainder when 40582 is divided by 116?
98
What is the remainder when 8354 is divided by 171?
146
Calculate the remainder when 1700 is divided by 214.
202
What is the remainder when 43464 is divided by 10863?
12
What is the remainder when 2159 is divided by 103?
99
What is the remainder when 31102 is divided by 308?
302
What is the remainder when 4698 is divided by 425?
23
Calculate the remainder when 3360 is divided by 1069.
153
What is the remainder when 211957 is divided by 105975?
7
What is the remainder when 6280 is divided by 6276?
4
What is the remainder when 16900 is divided by 79?
73
What is the remainder when 366603 is divided by 366592?
11
What is the remainder when 11095 is divided by 111?
106
Calculate the remainder when 216243 is divided by 12720.
3
What is the remainder when 19983 is divided by 49?
40
What is the remainder when 4222 is divided by 161?
36
What is the remainder when 124832 is divided by 259?
253
Calculate the remainder when 259924 is divided by 6.
4
What is the remainder when 15258 is divided by 16?
10
Calculate the remainder when 463102 is divided by 19.
15
Calculate the remainder when 5295 is divided by 19.
13
Calculate the remainder when 48389 is divided by 13.
3
What is the remainder when 15740 is divided by 3897?
152
Calculate the remainder when 10034 is divided by 1005.
989
Calculate the remainder when 531253 is divided by 22.
19
Calculate the remainder when 14629 is divided by 4850.
79
Calculate the remainder when 3241 is divided by 217.
203
Calculate the remainder when 20318 is divided by 6766.
20
Calculate the remainder when 42155 is divided by 170.
165
Calculate the remainder when 51003 is divided by 46.
35
What is the remainder when 127074 is divided by 45?
39
Calculate the remainder when 27598 is divided by 630.
508
What is the remainder when 172397 is divided by 27?
2
What is the remainder when 10318 is divided by 17?
16
Calculate the remainder when 23953 is divided by 3979.
79
Calculate the remainder when 3424 is divided by 1127.
43
Calculate the remainder when 1928313 is divided by 16.
9
Calculate the remainder when 30853 is divided by 139.
134
Calculate the remainder when 4087 is divided by 4050.
37
Calculate the remainder when 738472 is divided by 501.
499
Calculate the remainder when 495 is divided by 184.
127
Calculate the remainder when 2824 is divided by 89.
65
What is the remainder when 2422 is divided by 733?
223
Calculate the remainder when 224194 is divided by 28.
26
What is the remainder when 1763604 is divided by 219?
216
Calculate the remainder when 3517 is divided by 174.
37
What is the remainder when 7073 is divided by 122?
119
What is the remainder when 1158818 is divided by 85?
13
Calculate the remainder when 572 is divided by 556.
16
What is the remainder when 1327 is divided by 312?
79
Calculate the remainder when 41136 is divided by 34.
30
What is the remainder when 638 is divided by 299?
40
Calculate the remainder when 39813 is divided by 212.
169
Calculate the remainder when 113516 is divided by 240.
236
What is the remainder when 6717 is divided by 164?
157
Calculate the remainder when 132590 is divided by 67.
64
Calculate the remainder when 613 is divided by 128.
101
What is the remainder when 2930 is divided by 727?
22
Calculate the remainder when 27560 is divided by 1199.
1182
Calculate the remainder when 94266 is divided by 3250.
16
What is the remainder when 9035 is divided by 9009?
26
Calculate the remainder when 7029 is divided by 3.
0
What is the remainder when 840915 is divided by 11?
9
Calculate the remainder when 2961 is divided by 371.
364
What is the remainder when 519135 is divided by 6?
3
What is the remainder when 230129 is divided by 260?
29
What is the remainder when 15422 is divided by 3852?
14
What is the remainder when 290849 is divided by 19?
16
Calculate the remainder when 13793 is divided by 6879.
35
Calculate the remainder when 15367 is divided by 1266.
175
Calculate the remainder when 260126 is divided by 88.
86
Calculate the remainder when 7082 is divided by 1736.
138
Calculate the remainder when 670 is divided by 339.
331
Calculate the remainder when 227 is divided by 123.
104
Calculate the remainder when 27630 is divided by 9073.
411
What is the remainder when 16691 is divided by 50?
41
Calculate the remainder when 370 is divided by 154.
62
Calculate the remainder when 21198 is divided by 111.
108
What is the remainder when 1152 is divided by 230?
2
What is the remainder when 9662 is divided by 126?
86
Calculate the remainder when 574135 is divided by 172.
171
What is the remainder when 1343 is divided by 264?
23
Calculate the remainder when 12952 is divided by 38.
32
Calculate the remainder when 193859 is divided by 685.
4
What is the remainder when 143171 is divided by 152?
139
Calculate the remainder when 2739 is divided by 547.
4
What is the remainder when 3712591 is divided by 676?
675
Calculate the remainder when 10832 is divided by 129.
125
Calculate the remainder when 820050 is divided by 46.
8
What is the remainder when 227100 is divided by 183?
180
Calculate the remainder when 7305 is divided by 118.
107
What is the remainder when 770 is divided by 760?
10
Calculate the remainder when 778070 is divided by 553.
552
Calculate the remainder when 709 is divided by 118.
1
Calculate the remainder when 76369 is divided by 3.
1
Calculate the remainder when 130831 is divided by 418.
415
What is the remainder when 277269 is divided by 595?
594
What is the remainder when 2215 is divided by 19?
11
Calculate the remainder when 48100 is divided by 203.
192
What is the remainder when 2268054 is divided by 85?
84
What is the remainder when 423395 is divided by 25?
20
Calculate the remainder when 13028 is divided by 67.
30
What is the remainder when 678 is divided by 105?
48
Calculate the remainder when 17708 is divided by 2519.
75
Calculate the remainder when 2665 is divided by 456.
385
What is the remainder when 2079 is divided by 502?
71
What is the remainder when 13151 is divided by 23?
18
Calculate the remainder when 1501 is divided by 102.
73
Calculate the remainder when 9124 is divided by 253.
16
What is t